q + 2*l + 15, -f*q - 6*l + 40 = -2*l. Give c(q).
17
Let v = 36 + -40. Let c(b) = -b**2 - 4*b + 1. Let p be c(v). Let i(q) = -14*q**3 - q**2 + 2*q - 1. Determine i(p).
-14
Let w(z) = -11 - 14 + 12 + 10 + 2*z. Let t = -3 + 4. Suppose -t = -r + 1. What is w(r)?
1
Let u(y) be the second derivative of y**4/12 - 7*y**3/6 + y**2 - 347*y. Suppose 3*k - k = 3*p + 1, 19 = 2*k + 3*p. Give u(k).
-8
Let c(i) = -2*i + 7. Let r be c(-3). Let f(g) = -g**2 + 13*g + 2. Let q be f(r). Let a(p) = 33*p - p**q + 2*p**2 - 29*p - 1. What is a(-4)?
-1
Let g(a) be the first derivative of -3/2*a**2 + 0*a - 1/6*a**3 - 2 - 5/24*a**4. Let n(q) be the second derivative of g(q). Give n(1).
-6
Suppose -4 = 3*v - 22. Suppose -4*w + 11 = -l - v, -3*l + 19 = 2*w. Let a(k) = k**2 - 8*k + 3. Determine a(l).
-12
Suppose -4*j + 9*j = -25. Let n(o) = o**3 + 6*o**2 - 2*o - 6. Determine n(j).
29
Let u(o) = o**3 + 12*o**2 + 10*o - 2. Let m = -149 - -138. Calculate u(m).
9
Suppose -3*z - 5 = -8*z. Let b = z + -3. Let l(v) be the third derivative of -v**5/60 - v**4/24 + v**3/6 - v**2 - 123*v. Give l(b).
-1
Let s(z) = -z**3 + 5*z**2 - 5*z + 1. Let p(t) = -t**3 + 4*t**2 + 7*t + 26. Let l be p(6). Let h(w) = w + 3. Let c be h(0). Let u be 3 - l/12*c. What is s(u)?
-3
Let j(l) = -5*l**2 + 16*l + 8. Let k(t) = 2*t**2 - 7*t - 4. Let g(a) = 3*j(a) + 7*k(a). Give g(-2).
-6
Let l(u) be the second derivative of 31*u**5/20 - u**4/12 - u**3/6 + 5*u - 8. Give l(-1).
-31
Let y(t) = -t**3 + 7*t**2 - 3*t - 8. Let f = -66 + 72. Calculate y(f).
10
Let d(i) = 2*i**2 + 7*i + 4. Let l be d(-4). Let j(p) = 0 - 4 + 9*p**2 - l*p**2 + 4*p. Determine j(-6).
8
Let a(i) be the third derivative of i**6/120 + i**5/10 + i**3/3 - 7*i**2. Suppose 3*q + 0*q = 0. Let g be -2 + 2 + (-6 - q). Determine a(g).
2
Let m(z) = 11 - 2*z - z**2 - 10*z + 0*z**2. Let b = -552 + 539. What is m(b)?
-2
Let o = -943 + 948. Let x(v) = -v**3 + 4*v**2 + 5*v - 9. Calculate x(o).
-9
Let u(n) = 8*n + 1. Let r(x) = 3*x. Let c(q) = -5*r(q) + 2*u(q). Suppose -a + 3*j = -15, 5*a = -4*j - 0*j - 20. Determine c(a).
2
Let u(z) = -z**2 + 4*z - 1. Suppose -2*s - 19 + 71 = 0. Suppose -s = -4*f - 3*r, 19 = 2*f + 3*r + 3. Give u(f).
-6
Let g(n) = -4*n - 4. Let p(f) = -f - 2. Let k(s) = -g(s) + 5*p(s). Suppose 0 = -3*h + 5*h. Determine k(h).
-6
Let b(f) = -f**2 + 3*f - 3. Let p(v) = 2*v**3 - 19*v**2 + 18*v - 5. Let u(l) = 4*b(l) - p(l). Determine u(7).
0
Let a(p) = p**2 + 10*p + 3. Let v be a(-10). Let i(w) = 2*w - 2*w - 1 - w - v*w**2 + 3*w. Calculate i(2).
-9
Let j(z) = 0*z**3 + 13 - 1 + 8*z - z**3 + 9*z**2. Let v = 414 + -404. What is j(v)?
-8
Let u(k) = -3*k**2 - 17*k - 52. Let o(h) = h**2 + 6*h + 18. Let f(b) = 8*o(b) + 3*u(b). Give f(-6).
-30
Let v(g) = g**3 - 9*g**2 + 1. Let w = 1069 + -1060. Calculate v(w).
1
Let m = 22 + -32. Let u(y) = 13*y - 2. Let t(d) = 16*d. Let r(x) = -5*t(x) + 6*u(x). Give r(m).
8
Let h(a) be the third derivative of a**5/30 - 2*a**3/3 + 103*a**2. What is h(-4)?
28
Let z(k) be the first derivative of -k**3/3 - 5*k**2/2 - 2*k + 261. Calculate z(-5).
-2
Let i(p) = 29*p**3 + 1. Suppose -49*u = -36*u - 13. Determine i(u).
30
Let m(u) = -12*u + 136. Let b be m(12). Let r(y) = y**3 + 8*y**2 + 3*y - 1. What is r(b)?
-25
Let v(x) be the first derivative of x**4/4 - 7*x**3/3 - x**2/2 + 9*x - 22. Determine v(7).
2
Let t(h) = h**3 + 10*h**2 + 15*h - 10. Let z(b) = b**3 + 10*b**2 + 17*b - 11. Let x(v) = -5*t(v) + 4*z(v). Let g = -24 + 15. Calculate x(g).
-12
Let b = 41 + -29. Let r = b - 5. Let q(z) = 4*z**3 - 9*z**2 - 10*z + 6. Let a(w) = -w**3 + w**2 + w. Let c(l) = 3*a(l) + q(l). Calculate c(r).
6
Suppose -2*n - 3*k = 3*n - 5, -28 = -2*n + 4*k. Let z(o) = -20 + 24 + 9*o**2 - 2*o**3 - n*o**2 + 0*o**3 - 5*o. Calculate z(3).
-20
Let q(j) = -j + 6. Let v(d) = -1 + 3 - 1. Let p(r) = -2*q(r) + 11*v(r). Suppose -26*s + 23*s = 9. What is p(s)?
-7
Let t(i) = i**3 + 7*i**2 - 7*i + 4. Suppose -3*j - 4*r - 151 = 0, 3*r = -4*j - 2*r - 201. Let f be 54/(-7) + 14/j. What is t(f)?
-4
Let a be (3 - 0)/(-1)*50/(-75). Let k(f) = -f**3 + 0 + a*f - 2*f**2 - 4 + 6. Suppose v + 8 = -0*v - 2*w, -4*w = -5*v + 30. Determine k(v).
-10
Let m(y) = -y**3 - y**2 + 4. Let p be m(0). Suppose 0 = p*x - 6 - 2. Let d(o) = -4*o**2 - 2 + 6*o**2 - o - 2*o**2 + x*o**2. What is d(2)?
4
Let j = 23 + -20. Let d(x) = 13*x**2 - j*x**2 + 1 - 3*x**2. Calculate d(-1).
8
Let n(o) = -o**3 + 6*o**2 + o - 3. Suppose -514 = -99*j + 80. Give n(j).
3
Let w(v) = 4*v + 1. Let u(p) = 12*p + 3. Let l(r) = 4*u(r) - 11*w(r). Suppose 5*g - 3*t + 21 = t, 4*g = -4*t + 12. What is l(g)?
-3
Let j(p) = -p**3 + 3*p**2 + 3*p + 1. Let s(r) = 103*r + 102. Let a be s(-1). Determine j(a).
2
Let l(z) = z - 2. Let m be l(3). Suppose 0 + m = v. Let g(w) be the first derivative of -w**2 + w + 7. Give g(v).
-1
Let k(q) be the first derivative of -11/2*q**2 - 1/4*q**4 + 2*q + 43 - 11/3*q**3. Determine k(-10).
12
Let z(n) = n**3 + n**2 - n + 4. Let h(k) = 4*k**2 + 21*k + 5. Let p be h(-5). Give z(p).
4
Let j(r) = -r**2 - 5*r. Let b be ((-4)/(-2))/(4/(-6)). Let y(u) be the second derivative of u**3/3 + u**2/2 - 16*u. Let n be y(b). Give j(n).
0
Let o(n) = 15*n + n**2 + 3*n**2 + 331 - 159 - n**2 - 169. Determine o(-6).
21
Let b(r) = -7*r. Let w be (-2)/((-2)/(-3 - -27)). Let a = -25 + w. Give b(a).
7
Let v = 13 - 11. Let n(b) = -1 - 8*b + b - v + 11 + b**2. Determine n(6).
2
Let w be 2/((-8)/10*(-20)/472). Let l = -55 + w. Let t(h) = -h**3 + h - 1. Let a(b) = -7*b**3 + 4*b**2 + 5*b - 4. Let r(q) = a(q) - 6*t(q). Give r(l).
-2
Let q(o) = 4*o - 4. Let m be (-3)/42*-10 + (-4)/(-14). Suppose 4*b + 0 = 5*n + 19, n + 2*b + m = 0. What is q(n)?
-16
Suppose -3*i - p + 3 = 2*i, 12 = 2*i + 4*p. Suppose -6 = -2*d + a - 2*a, -4*d - 4*a + 20 = i. Let x(f) = -7*f**2 - 2*f + 1. Determine x(d).
-8
Suppose 3*a = -66 + 18. Let b(z) = z**2 + 16*z - 6. Let r be b(a). Let h(u) = u**2 + 5*u - 8. Determine h(r).
-2
Let k(d) = -d**3 + 9*d**2 - 3*d + 1. Let s(x) = 2*x**3 - 30*x**2 + 10*x - 3. Let i(l) = -7*k(l) - 2*s(l). Calculate i(2).
13
Let l(j) = 3*j**2 + j + 1. Let y(d) = 4*d**2 + 5*d. Let w(m) = -3*l(m) + y(m). What is w(2)?
-19
Suppose d + d = 10. Let o(s) = -1 + 2*s + 2*s - d*s. Let y(c) = 7*c - 2. Let h be y(1). Determine o(h).
-6
Suppose 11*c + 178 = 24. Let g be 7/c*16 - 2/(-1). Let p(l) = l**2 + 11*l + 6. Calculate p(g).
-24
Suppose 113*a - 116*a + 15 = 0. Let w(y) = 5*y**2 - 3. Let l(d) = -9*d**2 - d + 6. Let q(o) = 6*l(o) + 11*w(o). Give q(a).
-2
Let l(s) = -s**3 + 4*s**2 - 3*s. Let z = 17 - 4. Let m(k) = -k**3 + 13*k**2 - 2*k + 28. Let p be m(z). Calculate l(p).
2
Suppose 4 = -l - 3*k, 5*k - 10 = 4*l - 9*l. Let a(f) = -f + 11. Let b be a(l). Let q(x) = 2*x + 2. What is q(b)?
14
Let g(k) be the second derivative of 1/12*k**4 - 16*k - 3/2*k**2 + 0 + 1/6*k**3. What is g(-3)?
3
Suppose -3*s + 496 - 493 = 0. Let t be (-1 - -1)*(-2)/(-4). Let z(a) = -2*a**3 + t*a**3 + a - a**2 - 3*a**3. Calculate z(s).
-5
Let i(v) = 112*v - 231*v + 116*v - 27. Give i(-8).
-3
Let u(f) = 12 - 4*f**2 + 13 + 5*f**2 - 21. Let p be (-8)/(-28) - (-46)/(-14). What is u(p)?
13
Let r(m) = -m**3 - 6*m**2 + m + 2. Let h(s) = s**2 - 2*s + 2. Let y be h(-7). Suppose 0 = 5*k + y - 10. Let q = -17 - k. Determine r(q).
-4
Let c(u) = -4*u**2 + 0 + u**3 + 0*u**2 + 4 - 475*u + 476*u + 0*u**3. Give c(3).
-2
Suppose 0 = -5*l + 34 + 1. Let n(f) = -7*f**3 + 6*f**2 + l*f**3 - 6*f - f**3 + 3. Calculate n(5).
-2
Let z = 1637 + -1645. Let a(o) = o**2 + 8*o - 11. Determine a(z).
-11
Let u = 6 + -10. Let y(x) = -2773 + 2*x**2 - 430*x + 428*x + 2773 - 3*x**2. Give y(u).
-8
Let s(r) = -r - 2. Let h(j) = j**3 - 11*j**2 + 28*j - 8. Let t be h(4). Determine s(t).
6
Let v = -23 - -22. Let g be ((1 - 0)/(-1))/(v/3). Let j(a) = -4*a + 2. Calculate j(g).
-10
Let h(r) = 2*r**2 + 2*r - 5. Let x(g) = g**2 + 9*g + 0*g**2 - 8*g - 2. Let p(m) = -3*h(m) + 7*x(m). Give p(-3).
7
Let m(y) be the second derivative of y**4/12 + 32*y. Calculate m(6).
36
Let f(r) = -19*r + 16. Let i(n) = 16*n - 14. Let d(y) = -5*f(y) - 6*i(y). Calculate d(0).
4
Let s(o) = -o**2 - 8*o - 7. Let w(p) = p - 5. Let i be w(9). Suppose -i*v = z + 23, 4*z + 0*v = -2*v - 36. Give s(z).
0
Suppose -n - 1 = 3, 3*y + 33 = -3*n. Let c = 21 - 18. Let q = y + c. Let f(i) = 3*i - 3. Give f(q).
-15
Let k(l) = -1079*l + 23 + 533*